prime factors of (3/2)/d - (-1470)/12.
2, 61
Let m = 2060 + -1446. List the prime factors of m.
2, 307
Let r(q) = -q - 5. Let x be r(-7). Let k(j) = 3*j. Let s be k(x). What are the prime factors of 0 - -17 - (s + -8)?
19
Let j be (1*-51)/(5 + -6). Let k = j - 25. Suppose 5*m = 6*m - k. What are the prime factors of m?
2, 13
Suppose 0 = -3*z + w - 6*w + 79, -5*z + 4*w = -107. Suppose 0 = z*l - 18*l - 105. What are the prime factors of l?
3, 7
Let i be (-1)/(-1*2/14). Suppose -4*g + 5*y = -399, 0 = 2*y - i*y + 25. What are the prime factors of g?
2, 53
Let c = -10 + 9. Let x be 1 - -33 - (c - -3). Suppose f + 4*p = x, 2*p + 94 = 3*f + 2*f. List the prime factors of f.
2, 5
Suppose -6*m + 145 = -41. List the prime factors of m.
31
Suppose 3*s + 15 = -3*v + 5*v, -12 = v + 5*s. Suppose 2*b - 5*t - 296 = -0*b, v*b + t = 410. What are the prime factors of b?
2, 3, 23
Suppose -20*u = -18*u - 18. Let f(a) = 2*a**2 - 4*a - 8. What are the prime factors of f(u)?
2, 59
Let u(c) = c + 3. Let q be u(-6). Let b = q - 3. What are the prime factors of (-16)/(-20)*(-285)/b?
2, 19
Suppose 2*r - 5*j = 13, 5*r = -4*j + 7*j + 23. Let a be 1 - 1 - -2 - -23. Suppose r*m - 3*y = 99, -4*m + 5*y + 118 = a. What are the prime factors of m?
3
Suppose 2806 = 65*s + 336. What are the prime factors of s?
2, 19
Suppose 9*m = 4*m - 2*a + 4103, -4*m - 3*a = -3288. What are the prime factors of m?
3, 7, 13
What are the prime factors of (-6)/(-1)*(-15686)/(-92)?
3, 11, 31
Let y(z) = 9*z - 4. Let t(l) = 10*l - 3. Let u(r) = -4*t(r) + 5*y(r). Suppose 0 = -2*f, -5*x - 3*f + 46 = -9. List the prime factors of u(x).
47
Suppose -3*k - k + 4982 = 5*d, 3*k - 7961 = -8*d. What are the prime factors of d?
2, 7, 71
Let f = 254 + 145. What are the prime factors of f?
3, 7, 19
Suppose -5*a - 1 = -6. Let m be 0*(a + -2)/(-1). List the prime factors of 3 + -2 + m + 2.
3
What are the prime factors of (67008/(-72))/((-2)/3)?
2, 349
Let w(y) = 9*y**3 - 9*y + 10. What are the prime factors of w(4)?
2, 5, 11
Suppose 455*u - 457*u = -5026. List the prime factors of u.
7, 359
Let b = -149 - -238. What are the prime factors of b?
89
Let i = -92 - -400. List the prime factors of i.
2, 7, 11
Let g(v) = -4 + 37*v + 3 - 7 - 5. What are the prime factors of g(2)?
61
Let s = -146 - -776. List the prime factors of s.
2, 3, 5, 7
Let r = -21 - -23. Suppose 0 = r*f + 2*z - 5*z - 47, z - 3 = 0. What are the prime factors of f?
2, 7
List the prime factors of 7/70*-5*-1606.
11, 73
Let k(f) = -f**3 + 7*f**2 + f - 1. Let b be k(6). Let o = -21 + b. What are the prime factors of o?
2, 5
Let w(v) = 3*v**3 + 16. Let d(q) = 7*q**3 + q + 33. Let r(b) = -2*d(b) + 5*w(b). List the prime factors of r(0).
2, 7
Let p(b) = b**3 - 12*b**2 + 10*b + 14. Let t = 9 - -2. Let l be p(t). Suppose 2*a + l*a = 15. List the prime factors of a.
3
Let s(i) = -3*i - 46. Let u be s(-16). Let k = u + 54. List the prime factors of k.
2, 7
Let w be 48/21 + 2/(-7). Let s be 3 + w/(8/(-76)). List the prime factors of (-4)/s - (-198)/8.
5
Let n(z) = 401*z**2 + 22*z - 35. List the prime factors of n(2).
1613
Suppose -8712 = -82*z + 74*z. What are the prime factors of z?
3, 11
Let z be 8/68 + (-43686)/(-34). What are the prime factors of z/10 - 2/(-4)?
3, 43
Suppose -27*s = -26*s - 7. Suppose 5*q - s*q = -26. List the prime factors of q.
13
Let c = 1403 + -933. Suppose -134*a + c = -132*a. List the prime factors of a.
5, 47
List the prime factors of (123/12 - 9)/(1/1788).
3, 5, 149
Let x be -4*1/(-2) + -1. Let i(q) = -q**2 + 7*q - 6. Let j be i(5). Let z = x + j. List the prime factors of z.
5
Let j be 3 + -4 + 3 - 4 - -3. List the prime factors of (-2 - 1) + j/2*130.
2, 31
Suppose 3*y - 2613 = 1257. What are the prime factors of y?
2, 3, 5, 43
Let n(k) = -5*k - 26. Let s be n(-9). Suppose -432 = -s*z + 13*z. What are the prime factors of z?
2, 3
Suppose 15 = 4*a - a. Suppose -3*v = -3*x - x + 4, 5 = a*x. Suppose -11 = -l - v*l. What are the prime factors of l?
11
Suppose 3*c - 2*z + 88 = 6*c, 0 = -4*c + 2*z + 94. Let n(g) = -g**2 - 24*g + 63. Let p be n(-25). Let f = p - c. List the prime factors of f.
2, 3
Let m(s) be the first derivative of s**6/40 - 5*s**3/3 - 5. Let u(r) be the third derivative of m(r). What are the prime factors of u(2)?
2, 3
Let q(m) = 4*m - 35. Let v = -30 + 47. List the prime factors of q(v).
3, 11
Suppose 0 = n + 4*n - 155. Let c = 34 + n. Suppose -3*h + 47 = 2*s, 4*h - 70 = -5*s + c. What are the prime factors of s?
31
Suppose 166 - 4064 = -q. What are the prime factors of q?
2, 1949
Let w be ((-8)/(-6))/(10/15). Let g be (3/w)/((-12)/(-16)). Suppose -g*x + 40 + 0 = 2*s, 3*x - 64 = -4*s. What are the prime factors of x?
2
Suppose 0 = 4*x - 3*x - 15. Let k = -29 - -30. List the prime factors of k/5 + 27/x.
2
Let x be 3 - (-25)/(2 + -3). Let i = x + 89. Suppose -37 = -2*n + 3*z, -i = -2*n - 3*n - z. What are the prime factors of n?
2, 7
Let i = 188 + 988. What are the prime factors of i?
2, 3, 7
Let v = 0 - 0. Let h(q) = 6*q + 8*q - 17*q + 15 + 4*q. List the prime factors of h(v).
3, 5
Let x(j) = 0*j + 1 + j**2 + 2*j**2 - 2*j - 2. Let c be x(-1). List the prime factors of (-1)/(2*c/(-192)).
2, 3
Suppose 0 = -3*a - 12, 4*a = -4*c + 2*a + 16. Let k(n) be the third derivative of n**5/60 - n**4/12 - n**3/6 - 34*n**2. What are the prime factors of k(c)?
23
Let h = 287 - 2. List the prime factors of h.
3, 5, 19
Let f = 5875 + -3448. What are the prime factors of f?
3, 809
Let i = -1437 - -2216. What are the prime factors of i?
19, 41
Let v(b) = -2*b + 5. Let y be ((-24)/21)/((-2)/7). Let j = -6 + y. What are the prime factors of v(j)?
3
Let d(z) = 12*z - 3. Let r be d(-6). Let s = r - -117. List the prime factors of s.
2, 3, 7
Let g(c) = -c**2 + 5*c + 7. Let q be g(6). Suppose 3*z - 8 - q = 0. Suppose -z*a + 40 = 7. What are the prime factors of a?
11
Let n(u) = u**3 - 6*u**2 + 2*u + 2. Let w be n(2). Let o be (w/15)/(1/(-147)). Let h = -50 + o. What are the prime factors of h?
2, 3
Let a = 48 - 49. List the prime factors of (11 + a)*(-20)/(-2).
2, 5
Let s be 28/56 + ((-198)/(-4))/3. Suppose -r - s + 104 = 0. What are the prime factors of r?
3, 29
Let u be ((-48)/120)/((-2)/(-20)). What are the prime factors of u - ((-92)/1 + 0)?
2, 11
Let z(v) = v + 12. Let p be z(-9). Suppose -p*x - 2*f + 1 = -2, 4*x = 4*f + 24. Suppose -14 = -h + x. What are the prime factors of h?
17
Let w = 14 - 11. Suppose n + 4 = 0, 4*p + w*n = -n. Suppose -p*v + i + 89 = 0, v = 2*i + 2 + 22. List the prime factors of v.
2, 11
Let w(b) = 147*b**2 + 23*b - 51. What are the prime factors of w(3)?
3, 149
Suppose -218*a - 23364 = -227*a. List the prime factors of a.
2, 11, 59
Let x be -1 + 2542 + (-1 - -4). List the prime factors of ((-2)/(-6))/(8/x).
2, 53
Let j(f) = -f**2 + 10*f + 1. Let o be j(10). List the prime factors of o*103 - (-4 - -3)*-2.
101
Suppose -26*f - 109488 = -74*f. What are the prime factors of f?
2281
Let n be 8/(-2) + 3 - -4. Suppose -3*v - n*u - 3 = 0, -1 - 14 = 5*u. Suppose -29 - 35 = -v*l. What are the prime factors of l?
2
Let w(f) = -16 + 84*f**3 - 2*f**2 + f - 42*f**3 - 45*f**3. List the prime factors of w(-4).
2, 5, 7
Suppose 6*s - 3*s - 1917 = 0. What are the prime factors of s?
3, 71
Suppose -5*v + 5 = -15. Suppose -v*h = 5*w - 175, 5*h + 5*w + 69 - 289 = 0. List the prime factors of h.
3, 5
Let c(b) = -6*b - 2. Let d be c(-8). Let x = d - 35. What are the prime factors of x?
11
Let o(t) = 87*t + 30. Let n be o(12). Suppose d - 475 = -3*s + 170, 2*d = -5*s + n. What are the prime factors of s?
2, 3
Suppose 4*q + 6*i - 2*i = -468, -2*q = 5*i + 222. Let u = 192 + q. List the prime factors of u.
71
Suppose -3*t + 500 = 2*t. Suppose u - f = -u + t, 0 = 5*f - 20. List the prime factors of u.
2, 13
Suppose 24*s - 3751 - 4937 = 0. List the prime factors of s.
2, 181
Let a be (-18)/36*(-1 + 1). Suppose a = -4*z + 5 + 3. What are the prime factors of z?
2
Let s(f) = -f**3 - f**2 + 22*f - 45. List the prime factors of s(-17).
5, 29
Suppose 5*d + 14 = -y + 40, y = d - 4. List the prime factors of d.
5
List the prime factors of 140 + (0/1)/(-1*1).
2, 5, 7
Let g(a) = -a**2 - 20*a - 36. Let k be g(-17). Let f(x) = -9*x + 4. Let m be f(-5). Suppose k*c = 16*c - m. What are the prime factors of c?
7
Suppose a + 1 + 2 = -2*w, -3*a = -2*w - 7.